Let a be v(-2). Let c(l) = 1 + 0*l**2 - l - 4*l**2 - l**a + 2*l**2 + 2*l. What are the prime factors of c(-3)?
7
Let n(o) = 3*o + 1. Let w(x) = -3*x + 3. Let d be w(3). Let k = -5 - d. What are the prime factors of n(k)?
2
Let h(b) = -b**3 + 16*b**2 - 16*b + 1. Let x be h(11). What are the prime factors of 1/3 + x/15?
29
Let p = 115 - 68. What are the prime factors of p?
47
Suppose 4*c + r = 608, -3*c + 566 - 105 = 2*r. List the prime factors of c.
151
Let l(m) = -2*m - 7. Let k be (4 + -2)/(2/52). Let i be k/(-6) + 8/(-24). List the prime factors of l(i).
11
Suppose 2*z - 168 = -2*z. What are the prime factors of z?
2, 3, 7
Let d be 140/30*18/4. Let y = 39 - d. List the prime factors of y.
2, 3
Let y be 35*(-3)/((-30)/4). Suppose -5*r - y + 74 = 0. What are the prime factors of r?
2, 3
What are the prime factors of (1/2*-158)/(-1)?
79
Suppose 11*n - 12*n = -285. List the prime factors of n.
3, 5, 19
Suppose 5*q = f + 103 + 132, 4*f = -q + 26. Suppose -5*w = 2*z - q, -2*z = 2*z - 2*w - 92. Suppose t + 3 = z. What are the prime factors of t?
2, 5
Let l = -7 + 9. Suppose 0 = -2*k - l*k - 5*g + 40, 0 = -2*k + 3*g + 42. List the prime factors of k.
3, 5
Let y(c) = -c**2 + c + 42. Let m be y(0). Suppose 7*a = 2*l + 4*a - 506, 3*a = 3*l - 762. List the prime factors of (-12)/m - l/(-14).
2, 3
Let i be 10/14 - 2/(-7). Suppose -2*g + 3 + i = 0. Suppose 3*q = 5*n - 40, -5*n = -8*n - g*q + 43. What are the prime factors of n?
11
List the prime factors of 1/((-183)/(-90) - 2).
2, 3, 5
What are the prime factors of (13/(-2) - -3)*-6?
3, 7
Let n be -2 + 4 - (-2 - -1). Suppose 4*a - 2 = -2*t + 8, -3*a - n*t = 0. List the prime factors of ((-8)/a)/((-2)/10).
2
Let m(i) = -2*i**2 - 3*i + 3. Let c be m(2). Let r be 2/(0 + 1/(-11)). Let j = c - r. List the prime factors of j.
11
Let n be 6 - (-3)/(0 + -3). Suppose -2 = j + n*w + 23, 5 = -3*j - w. Suppose -x - 3*u - 2 = -j*x, 0 = -x - u + 6. What are the prime factors of x?
2, 5
Let c = 96 + -33. What are the prime factors of c?
3, 7
Let j be 14 - (1 - (-9)/(-3)). Let d(h) = h**3 + 6*h**2 - 7*h + 10. Let k be d(-7). Let f = j - k. What are the prime factors of f?
2, 3
Let f = 13 + 4. Let q = 2 - f. What are the prime factors of q/(-6)*16/10?
2
Let h = 105 - 58. What are the prime factors of h?
47
Let k(d) = -d + 2. Let g be k(2). Suppose g = 3*p + 2*p - 50. What are the prime factors of p?
2, 5
Suppose -5*r = -5*u + 45, u - r - r - 13 = 0. Suppose 12 - 71 = -5*b + 3*n, 3*b = u*n + 45. List the prime factors of b.
2, 5
Let l be (-2)/(-3) + (-7)/(-3). Suppose 0*u = -4*u + 40. Suppose c = u - l. List the prime factors of c.
7
Suppose 2*o = 94 + 50. List the prime factors of o.
2, 3
Let v(r) = 2*r**2 - 4*r - 3. What are the prime factors of v(5)?
3
Let n = -71 - -211. Suppose -5*b + 5*z + n = 0, -z - 2*z = b - 8. List the prime factors of b.
23
Suppose -2*p - 2*g = -2 + 12, 0 = -4*p + 2*g - 2. Let x(v) = 11*v**2 - 3*v - 2. What are the prime factors of x(p)?
2, 3
Let d(r) = -r**3 + 11*r**2 + 16*r + 14. What are the prime factors of d(12)?
2, 31
Let s(q) = q**2 - q + 1. Let d be s(0). Suppose -d - 15 = -4*g. What are the prime factors of g?
2
Let u(g) = 2 - 12*g - 6*g - 19 - g**2. What are the prime factors of u(-12)?
5, 11
Let x(g) = -2 + 2*g + 0*g + 3*g. What are the prime factors of x(4)?
2, 3
Suppose 4*h - 2*h + 50 = -4*d, 0 = 2*d + 5*h + 13. What are the prime factors of (-1)/(2 + d/6)?
3
Suppose k - 5*c = 29, -5*c + 42 = -4*k + 98. Suppose 8 + k = s. List the prime factors of s.
17
Suppose -5*f = -3*x + 169, 18 = 2*x + 2*f - 68. What are the prime factors of x?
2, 3
Let o(h) = -6*h - 3. Let m be o(-3). Suppose 5*y + 5*l = m, 2*y = l + l + 2. Suppose 4*f - 3*x - 21 = 0, y*x - 1 - 9 = 0. List the prime factors of f.
3
Let m(r) = 0 - 5*r - 12 + 16*r - r**2. Let i be m(9). Let d = i + 5. What are the prime factors of d?
11
Let g(u) = -u**2 - 7*u - 7. Let q be g(-5). Let o be q/6*1*0. Suppose -s + 0*s + 2 = o. List the prime factors of s.
2
Suppose -4*r + 83 = -4*y - 9, -r = y + 25. Let h = -10 - y. What are the prime factors of h?
2, 7
Suppose 10*v - 2*v = 536. List the prime factors of v.
67
Suppose -5*y + 211 = 4*w, y + 5*w + 19 = 2*y. Let t(s) = s**3 - 2*s**2 - s - 1. Let q be t(4). Let m = y - q. List the prime factors of m.
2, 3
Suppose -5 - 47 = 4*o. Let w = o + 17. List the prime factors of w.
2
Suppose 2*n + 62 = 158. What are the prime factors of n?
2, 3
Let s be (3 - 2 - -5)*1. List the prime factors of 56/s - 12/(-18).
2, 5
Let h(w) = w**3 - 3*w**2 - 4*w + 4. Let r be h(3). Let u = -5 - r. Suppose 2*b = 2*j + 24, -u*j = -4*j - 4. List the prime factors of b.
2
Suppose -3*k - 4*j - 74 = 0, 5*j + 97 = -5*k + k. Let p be k - 4/2*1. Let x = p - -29. List the prime factors of x.
3
Let i(v) = -5*v - 31. What are the prime factors of i(-9)?
2, 7
Let v(h) = -h - 1. Suppose -5*d - z = 33, -6*d = -d - z + 27. Let w be v(d). Suppose -2*k - n + 6 = 0, 2*k = 6*k - w*n - 12. What are the prime factors of k?
3
Let q(y) = -y**3 + 10*y**2 + 2*y - 11. List the prime factors of q(8).
7, 19
Let q = 39 - 15. List the prime factors of q.
2, 3
Suppose b + y + 2*y = 25, -5*b + 57 = -2*y. Let r(j) = -9*j + b*j + 2*j. List the prime factors of r(2).
2, 3
Let l(d) = 11*d**2 + 2*d - d + 2 - 2. List the prime factors of l(1).
2, 3
Suppose 0 = -5*s - 4*n + 154, n = -s - 0*n + 30. List the prime factors of s.
2, 17
Let a(j) = j + 1. Let t be a(2). Suppose t*h = 8*h - 50. List the prime factors of h.
2, 5
Let u(d) = -d**2 + 5*d. Let j be u(5). Suppose 5*l + 3*x + 75 = j, x + 0 = l + 15. Let g = l + 24. List the prime factors of g.
3
Let x(s) be the second derivative of s**6/360 + s**4/6 + s**3/2 + 4*s. Let p(u) be the second derivative of x(u). List the prime factors of p(4).
2, 5
Suppose 36 - 243 = 9*v. Let d = 16 - 31. Let u = d - v. List the prime factors of u.
2
Let u(t) = -t - 2. Let a be u(-6). Let v(l) = l**3 + 2*l**2 + l + 35. Let g be v(0). Suppose -5*j + g = 4*s + s, -48 = -a*j + s. List the prime factors of j.
11
Suppose -5*z + 3*z = -22. What are the prime factors of z?
11
Suppose -5*r + 4*r + 3 = 0. Suppose -z - r = -2*g, 5*z + g - 4*g - 13 = 0. Suppose -z*l - 14 + 124 = 0. List the prime factors of l.
2, 11
Let f(d) = -d + 1. Suppose -35 + 10 = -5*i. Let w be f(i). Let m(h) = -4*h - 6. What are the prime factors of m(w)?
2, 5
Let b(m) = 5*m**2 + 2*m + 3. List the prime factors of b(-4).
3, 5
Suppose 11*o - 12*o = -164. List the prime factors of o.
2, 41
Let v(o) = -o + 1. Let w be v(-1). Suppose -w*y - y = -24. List the prime factors of y.
2
Let a(o) be the second derivative of -5*o**3/2 - 6*o. List the prime factors of a(-2).
2, 3, 5
Let x be 3 - 1 - (2 + -1). Let l(v) = -3 + x + v - 7*v - v**2. What are the prime factors of l(-4)?
2, 3
Let h = -170 - -266. List the prime factors of h.
2, 3
Suppose 0 = 5*f - 33 + 13. Suppose -6*q + f*q = -68. List the prime factors of q.
2, 17
Let j = -119 + 187. List the prime factors of j.
2, 17
Let d(t) = 10*t**2 - 5*t + 4. What are the prime factors of d(3)?
79
Let c(m) = -2*m + 1. Let u(w) = w**3 + 5*w**2 - 5*w + 5. Let d = 9 - 15. Let n be u(d). List the prime factors of c(n).
3
Let p(d) = 8*d + 7. What are the prime factors of p(3)?
31
Suppose 0 = 2*a + 72 - 524. List the prime factors of a.
2, 113
Let v(p) be the third derivative of p**6/120 - p**5/10 + p**4/12 - p**3/3 - 2*p**2. What are the prime factors of v(6)?
2, 5
Let g be 10*((-8)/(-10) + -2). Let p be g/8*(-1 + -1). Suppose -p*q = 5*s - 30, 0 = 3*s - 4*q - 47. What are the prime factors of s?
3
Let a = -11 + 48. What are the prime factors of a?
37
Suppose 0 = -n + 4*r - 14, 2*n + r = -4*r + 11. Let m be 0 + n + (-7)/(-1). Suppose -2*a + m = -13. What are the prime factors of a?
3
Let q = -13 + 27. What are the prime factors of q?
2, 7
Let x = 1 - 1. Suppose x = -4*o + o + 36. List the prime factors of o.
2, 3
Let m(i) = -i**3 + 6*i**2 + i - 1. Let l(t) = -5*t + 1. Let o be l(-1). List the prime factors of m(o).
5
Suppose 4*l - 11 = p, -2*p + 8*l - 4*l - 10 = 0. What are the prime factors of ((p - 0) + -4)*-3?
3
Let d = 70 + -43. List the prime factors of d.
3
List the prime factors of 64/(-10)*15/(-6).
2
Let h be -7 + (0 - 1)*-3. What are the prime factors of 51/4 - 1/h?
13
Let n(l) = -3*l - 1 - 2*l + 0*l. Let j be n